**3 + 2*r**2 - 8*r + 15. Calculate p(u).
-18
Suppose -5*t - 4 = 2*o + 18, 3*t = -2*o - 10. Let n(r) be the second derivative of 2*r**2 + 6*r + 0 - 1/12*r**o + 0*r**3. Calculate n(0).
4
Let d(c) = -112*c**2 - 16*c - 37. Let p(w) = 61*w**2 + 8*w + 21. Let k(s) = -6*d(s) - 11*p(s). What is k(-6)?
-21
Suppose 2*c + 2*o = 5*c + 226, 4*c - o = -308. Let f be -1 - 13/(c/(-36)). Let v(j) be the third derivative of -j**5/60 - 5*j**4/24 + j**3 - j**2. Give v(f).
-8
Let n = -185 - -188. Let t(q) = -117 + 10*q + 116 - n*q. Give t(1).
6
Let g(l) be the second derivative of -4 - 1/20*l**5 + 1/2*l**3 - 1/12*l**4 - 1/2*l**2 - 15*l. Calculate g(-2).
-3
Suppose 4*r + 10*h = 11*h + 9, 1 = 3*r + 5*h. Let d(b) = 0*b**2 + 3*b**2 - 2*b**r - 18*b - 7*b + 15*b + 10. What is d(9)?
1
Let m(i) = -27*i - 47. Suppose 25*f = 52*f - 30*f - 9. What is m(f)?
34
Let r(m) = m**3 + 108*m**2 - 341*m**2 + 114*m**2 + 121*m**2 - 3. Determine r(-3).
-12
Suppose d + h - 11 = 0, -4*h + 11 - 63 = -4*d. Let f(t) = -105*t + 205*t - 99*t - 13. What is f(d)?
-1
Suppose -44*w = 635 - 679. Let l(d) = d**2 + 3*d - 3. Determine l(w).
1
Let t(v) be the third derivative of v**5/60 - 19*v**4/24 + 15*v**3/2 - 9*v**2 - 129*v. What is t(10)?
-45
Let i be (-82)/(-3) - (170/(-30) + 5). Let d(b) = -37 - i*b**2 + 43 + 27*b**2. Determine d(-5).
-19
Let s(h) = -2*h + 0*h + 1 + 2. Let r(g) = -12*g + 226. Let d be r(-32). Let a = 603 - d. Give s(a).
17
Let n(a) = -a**2 - a - 8. Let v = 20 - -8. Suppose -5*o = -4*g + v, -8 = -4*o + 8. Let l be 0*(g/(-18))/(-1 - 1). Determine n(l).
-8
Let t(s) be the first derivative of s**4/12 - s**3/6 + 2*s**2 - 216*s - 197. Let w(m) be the first derivative of t(m). Give w(0).
4
Let y(z) = -z**3 - 9*z**2 - 11*z + 4. Let w(r) = -33*r - 12. Let a be w(-3). Suppose 0 = -8*v - a + 23. Give y(v).
28
Let b = -17 + 10. Let r = -329 - -331. Let k(t) = 0 + 311*t**3 - 7*t**2 - 312*t**3 - r*t - 4. What is k(b)?
10
Let d(i) be the third derivative of 9*i**4/8 - 37*i**3 - 860*i**2. Determine d(8).
-6
Let w(v) = -v**2 - 9*v - 3. Let u(y) = -y**2 - 34*y - 101. Let g = 368 + -371. Let n be u(g). Give w(n).
5
Let o(p) = -p**3 + 5*p**2 - 3*p + 1. Let f = 1 + 0. Let q be ((-3)/(-3))/((2/8)/f). Determine o(q).
5
Suppose -52 = -5*k + 3*o, 4*k - 513*o = -512*o + 36. Let h(s) be the first derivative of 3*s + 1/3*s**3 + k + 2*s**2. What is h(-3)?
0
Let r(m) = -12955*m**2 - 3*m**3 + 6477*m**2 + 13*m + 2*m**3 + 3 + 6475*m**2. Give r(-5).
-12
Let c(p) = -p**2 - 14*p - 4. Let w = 5446 - 5462. Determine c(w).
-36
Suppose 66 = 5*k + 4*u, -3*k - u + 493 = 459. Let w(b) = -4*b + 49. Calculate w(k).
9
Let k be 37*27 + (-56)/(-14) + -1. Let i(f) = k - 494 + 3*f - 504. Give i(-4).
-8
Let z(g) = g + 13. Let f be z(-9). Suppose 8 - 28 = -f*x. Let b(u) = u**2 - 6*u + 5. Calculate b(x).
0
Let l = 110 + -116. Let n(g) be the third derivative of g**4/24 + 4*g**3/3 - 28*g**2. Let s(t) = 2*t + 16. Let a(j) = 5*n(j) - 3*s(j). Give a(l).
-2
Suppose -6*g + 7*g = 9*g + 2*g. Let q be 20/15 - 6/(-9). Let w(u) = -2*u**2 - u**3 + u + 2*u**2 + 0*u**q. Calculate w(g).
0
Let x(g) be the second derivative of 2*g**4 - g**3/2 - 3*g**2/2 + 499*g. What is x(-1)?
24
Let y(d) = -d**2 + 14*d + 217. Let l(q) = -180*q - 1449. Let x be l(-8). Give y(x).
10
Let t(s) = 45*s - 115. Let b(k) be the first derivative of -4*k**2 + 23*k + 173. Let i(r) = 11*b(r) + 2*t(r). Determine i(-10).
3
Let c be ((-4)/(-2) - 0)*98/(-4). Let m = -43 - c. Let h(k) = -11*k**2 - 5*k + 6. Let y(q) = 10*q**2 + 4*q - 5. Let t(r) = m*y(r) + 5*h(r). Calculate t(1).
4
Let g be (-8)/(-2)*-3 - (-555 - -551). Let x(h) = -h**2 - 11*h + 11. Calculate x(g).
35
Let m(v) = -3 + 8 - 11 + v. Let w be m(10). Let s(n) = 4*n - 3. Give s(w).
13
Suppose -2*x + 1 = 4*u - 5, 5*u = 4*x + 1. Suppose -9*y - x + 19 = 0. Let r(l) = 0 + 34*l - l**3 - 2 - l**y - 34*l. Give r(-2).
2
Suppose -3*x + l + 0 = 4, 5*l = -4*x + 20. Let m(r) = -r**3 + r**2 + 3*r + 2. Let w be m(0). Let v(s) = -4*s**w + 24 + s + 5*s**2 - 16. Give v(x).
8
Let j(n) be the first derivative of -n**2 + 8*n + 142. Let z(o) = -3*o + 37. Let r(y) = -y + 12. Let f(k) = 7*r(k) - 2*z(k). Let m be f(4). Determine j(m).
-4
Let t(z) = z**3 + 5*z**2 - 2*z - 9. Let q = -368 + 413. Let c = q + -49. Give t(c).
15
Let u(d) = -6*d + 11. Let y = 47 + -42. Suppose y*q = -0*q - 25. Let f(v) = 7*v - 12. Let c(j) = q*f(j) - 6*u(j). Calculate c(9).
3
Let h be (-6 - 8) + 1 - -13. Let s(m) = -m**2 + 2*m + 3. What is s(h)?
3
Let n be 640/(-25) - 4/10. Let z = -118 + 136. Let r = z + n. Let g(k) = k - 5. Calculate g(r).
-13
Suppose 12*j - 63 + 15 = 0. Let c(m) = 55*m**2 + m + 40*m**2 - j - 93*m**2. Determine c(2).
6
Let t(m) = 16*m**2 - 17*m + 19. Let q(w) = -5*w**2 + w - 1. Let c(n) = -3*q(n) - t(n). What is c(7)?
33
Let t(a) = -3*a + 62. Let b(z) = 6*z - 123. Let q(l) = 6*b(l) + 11*t(l). Determine q(24).
16
Let f be (-45*(-2)/6)/(-1). Let g(a) = 5*a - 11. Determine g(f).
-86
Let v(u) = 3*u**3 + 20*u**2 - 5*u + 9. Let f be v(-7). Let j(i) = i**2 + 5*i + 8. Let k be j(f). Let q(h) = 2*h - 11. What is q(k)?
5
Let v(s) be the first derivative of s**4/6 - s**3/3 - s**2/2 - 31*s - 38. Let u(b) be the first derivative of v(b). Give u(3).
11
Let b be 0*(-1 + -3 - -5). Suppose b = 4*f + 3*f. Suppose f*h = -h + 6. Let s(m) = -m**2 + 5*m + 1. Calculate s(h).
-5
Let n = -78910 - -78901. Let t(m) = 0*m - 2*m - m**2 - 5*m + 13. Calculate t(n).
-5
Suppose 2*x = -5*k + 32, 5*x - 73 = -2*k - 35. Let o(d) = -5*d + 23. Calculate o(x).
-7
Let c(a) = -31 - a**2 + 9*a - 29 - 36 + 7*a**2 + 88. Determine c(1).
7
Let f(w) be the first derivative of 1/6*w**3 - 24 + 0*w**2 + 8*w. Let h(b) be the first derivative of f(b). What is h(2)?
2
Suppose 6*l + 2000 = 8306. Let h(t) = -l - 10*t**2 + 1051. Give h(-1).
-10
Let d(u) = -u**3 - 21*u**2 + 161*u - 17. Let w be d(-27). Let q(v) = -v + 26. Calculate q(w).
16
Let d(u) = -46*u - 172. Suppose 0 = -164*s - 4*s - 59*s - 908. Give d(s).
12
Suppose 3*b - 89 = -5*g + 335, -5*g = 2*b - 281. Let t be (-1)/2 + b/(-26). Let p(q) = q**3 + 5*q**2 - 7*q + 8. Determine p(t).
14
Suppose 15*d - 12 = 11*d. Let v(o) = 129 - 8*o**2 - d*o**2 + 5*o**2 - o - 128. Calculate v(2).
-25
Let u(f) be the first derivative of -f**2 + f + 262. Let k(p) = 8*p**2 - 1. Let g be k(1). Let w(o) = -o + 9. Let z be w(g). Determine u(z).
-3
Let k be 4/1 - (5 + -8 + -23). Let f(j) = k + 27 + j**3 + 11*j + 25 - 8*j**2 - 87. Calculate f(7).
23
Let u(g) = -g**2 - 6*g + 1. Let m be 30/(-9)*9/(-6). Suppose -m*j + 3*j = -14. Let x be -1*j + (-8 - -9). What is u(x)?
1
Let d(i) = 0*i - 3 + 8 + i - 2. Let s(p) = 5*p**2 - p - 2. Let y be s(-1). Suppose y*b = -o - 0*o - 32, -29 = 3*b + 2*o. What is d(b)?
-4
Let q = 16 + -13. Suppose -13 = -2*z + q. Let j(l) = 3*l + 25. Let m(s) = 5*s + 38. Let y(v) = z*j(v) - 5*m(v). Give y(0).
10
Let p(j) = 2*j**2 + 178*j + 159*j - 20 - 424*j + 136*j. Determine p(-24).
-44
Let v = -10 - -4. Let g(d) be the third derivative of 1/60*d**5 + 1/4*d**4 + 1 + 0*d + 1/2*d**3 - 11*d**2. Determine g(v).
3
Suppose 0 = -6*x + 2*x + 12. Let l = -653 - -657. Let p(d) = l*d + 0*d**x - d**3 + 2*d**2 + 1030 - 1026. Determine p(4).
-12
Let b(a) = 15*a - 110. Suppose 119*z = 42*z - 55 + 671. Calculate b(z).
10
Let x(y) = -y**3 + 3*y**2 + 10*y - 25. Let i(r) = -2*r**2 + 67*r - 349. Let z be i(27). Calculate x(z).
-1
Let f(w) = -2*w - 2. Suppose 31*v = 35*v - 20. Suppose 5*k - v - 5 = -5*u, k - 4*u - 2 = 0. Suppose 3*p = j + 6, -11 + k = 4*j + 3*p. Calculate f(j).
4
Let t(c) = -19*c**2 - 11*c + 2. Let r be t(-1). Let h(i) = 3*i**2 + 12*i + 2. Determine h(r).
38
Let o(y) = 12*y**2 + y - 1. Let k = -256 + 262. Suppose 5*c = -3*z + 5, 7*z + 1 = c + k*z. Determine o(c).
12
Let w(c) = c**2 - 17*c + 5. Let t(v) = -v**2 + 23*v - 6. Let s(a) = 3*t(a) + 4*w(a). Let f = -6 + 3. Give s(f).
8
Let p be 4*(-1)/(-8)*-10. Let m = p + -1. Let z = m + 9. Let t(v) = 2*v - 2. What is t(z)?
4
Let h(c) = -c + 6. Let z = 587 + -592. Let t(v) = 6*v + 24. Let g be t(z). Determine h(g).
12
Suppose 4*d = -596*a + 599*a - 60, 0 = -3*a + 3*d + 48. Let x(g) = -11*g + 4. Let o(m) = 10*m - 5. Let r(k) = -2*o(k) - 3*x(k). Determine r(a).
50
Let n = -1491 + 2254. Let s = n - 764. Let t(q) = 9*q**3 - 2*q**2 + 1. Determine t(s).
-10
Suppose -68 + 452 = 6*r. Suppose -5*j - 66 = -43*h + 40*h, -5*